 What is the units digit of f?
3
Let c(y) = -20*y**3 + 6*y**2 - 5*y + 13. What is the hundreds digit of c(-6)?
5
Suppose 5*d + 5 = 5*y, 0*d + 5*y - 9 = d. What is the tens digit of -3*125/(-15)*d?
2
Let f = 26 - 11. Let g = f - -12. Let b = g + -9. What is the tens digit of b?
1
Let s be 6/18 + (-20)/(-3). Suppose 30 = s*o - 2*o. What is the units digit of 0 + (o/2 - -30)?
3
Suppose -21*i = -54*i + 97251. What is the units digit of i?
7
Let i = 53 - -10. Suppose -i = -4*l + 45. Suppose -r - 1 = -l. What is the tens digit of r?
2
Let x be 27/54*(-16)/(-2). Let q(p) = p**2 + 4*p + 2. Let b be q(-3). What is the units digit of b/x + 57/4?
4
Let x be 2*(0 + 60/8). Suppose x - 10 = -5*m. What is the units digit of (-16)/(m - (-3)/6)?
2
Suppose -2*r + 48 = 10*r. Suppose -r*l + 4*x = -7*l + 311, 189 = 2*l - x. What is the units digit of l?
7
Let k(d) be the first derivative of -13*d**4/4 + 4*d**3/3 + d**2 - d + 2. Let r be k(-2). Suppose -7*b = -2*b - r. What is the tens digit of b?
2
Let i be -3 - (1 - 2 - 6). Let l(d) = -6 + i*d - 3 + 4. What is the tens digit of l(7)?
2
Let d(m) = m**3 + m**2 - m + 1. Let y(v) = -2*v**3 - 8*v**2 + 11*v - 13. Let p(j) = -d(j) - y(j). What is the tens digit of p(-8)?
2
Suppose -3*m = -2*m + 4*k - 200, 2*m = -5*k + 403. What is the hundreds digit of m?
2
Suppose -4*d + 1321 = 3*n, 2*n = 18*d - 20*d + 878. What is the hundreds digit of n?
4
Let z(x) = -3*x - x**2 - x + 2*x**2. Let r(j) = -j**3 - 18*j**2 - 31*j + 11. Let t be r(-16). What is the tens digit of z(t)?
4
Suppose p - 953 = -10*v + 5*v, -5*v + 3*p + 941 = 0. What is the hundreds digit of v?
1
Let f(u) = -u**2 + 4*u - 1. Let t be f(2). Suppose -t + 1 = -y. What is the tens digit of y + -2 - (-1 - 13)?
1
Suppose -71*w - 24*w + 69635 = 0. What is the hundreds digit of w?
7
Let u = -1051 - -3344. What is the hundreds digit of u?
2
Let n = -47 + 2893. What is the hundreds digit of n?
8
Suppose -5*x - 19 = -2*y - 2*x, -y + 5 = 3*x. Suppose 2*i - 4*f = 160, 5*i + 0*f = 3*f + 372. Suppose i = 2*s + y. What is the tens digit of s?
3
Let a be -3*6*(-2)/4. What is the tens digit of (-3)/9 + 426/a?
4
Suppose -5*t - 50 = 5*l, t - 40 = 4*t + l. Let p = t + 11. What is the units digit of 1/p - 42/(-8)?
5
Let v = 1928 + -1310. Let j = -331 + v. What is the tens digit of j?
8
Let r(w) = 1904*w**3 - w**2 + 7*w - 6. What is the tens digit of r(1)?
0
Suppose -3*g = -17 - 22. Suppose 15 + g = 4*o. Let b(d) = d**2 - 7*d + 1. What is the units digit of b(o)?
1
Let w(b) = -b**3 - 8*b**2 - b - 5. Let a be w(-8). Suppose 3*n - 15 = -a*g, -2*g = -6*g - 5*n + 17. What is the units digit of g?
8
Suppose -3*r = 2*q - 13, -2*q + q + r + 14 = 0. Suppose u - q = -7. Suppose 2*l - l = -v + 33, u*v - 150 = 2*l. What is the tens digit of v?
3
Let a = 56 - 68. What is the tens digit of -8*(3 + 177/a)?
9
Suppose -3*p = -0*p - 1080. Suppose 16*x = 7*x + p. What is the tens digit of x?
4
Suppose -4*l + 6*l = 3*y - 20, 0 = -2*y - 3*l - 4. Suppose y*o - 142 = 206. What is the units digit of o?
7
Let q = 14 - 9. Suppose -q*v + 245 = 5*i, 3*i + 2*v - 143 = -0*v. What is the units digit of i?
5
Suppose -5*j = -2*d + 742, -j + 290 = d - 81. What is the hundreds digit of d?
3
Suppose 2*t - 27 = -21. Suppose -t*f - 68 = -b, 4*b - 3*f - 202 = -5*f. Suppose 5*z - 61 = 5*l + 34, 5*l = 2*z - b. What is the units digit of z?
4
Suppose -4*b + 704 = v, 3*v - b - 714 = 2*v. What is the hundreds digit of v?
7
Suppose 4*u - 3*u - 9 = 0. Suppose p - 4*p + u = 0. What is the units digit of ((-1)/(-1))/(p/99)?
3
Let t(d) = d - 2. Let c be t(0). Let k be (2 - 8)/(c/(-31)). Let p = -51 - k. What is the units digit of p?
2
Let t = -1177 + 1990. What is the units digit of t?
3
Let d(h) = 4*h. Let g be d(-2). Let v = g - -10. What is the tens digit of ((-44)/5)/(v/(-5))?
2
Let h(p) = 2*p + 6. Let d be h(-2). What is the tens digit of (-1)/d + (-525)/(-6)?
8
Suppose 4*k + 904 = -x, 0 = -5*k - 2*x - 0*x - 1127. Let c = -145 - k. What is the tens digit of c?
8
Let v(s) = -3*s**2 + 2*s + 1. Let q be v(-6). Let k = -64 - q. What is the tens digit of k?
5
Let z = -3 - -39. Suppose 17 = 3*p - 4. Let u = z + p. What is the units digit of u?
3
Let r(h) = -6*h - 17. Let m = -36 - -22. Let t be r(m). Let u = t - 43. What is the tens digit of u?
2
Let q = 38 - 35. Suppose q*p - 509 = -4*w, -5*w - 5*p = -3*p - 645. Suppose -4*g - 39 = -w. What is the units digit of g?
3
Let p(z) = 121*z**2 + 56*z - 3. What is the tens digit of p(-5)?
4
What is the hundreds digit of 6*(21480/18)/5?
4
Let o(t) be the third derivative of -t**4/8 + t**3/6 + t**2. Let p(n) = -6*n + 3. Let g(v) = -7*o(v) + 3*p(v). What is the tens digit of g(4)?
1
Suppose -4*q - 7 = -r, -3*r + q = 5*q - 5. Let z(v) be the third derivative of 7*v**4/24 + v**3/6 + 5*v**2. What is the tens digit of z(r)?
2
Let h be (-2 - -1)*-1*4. Let p be 8 - -3*(-2)/6 - 3. Suppose -24 = -2*t + 3*k, 2*k + 64 = h*t + p*k. What is the units digit of t?
5
Let s(h) = 12*h - 3. Let a be (-9)/15 - 24/(-15). Let b be (a/4)/(5/60). What is the tens digit of s(b)?
3
Suppose 87*x - 84*x = -3. What is the tens digit of 4 + (91 + 1 - x)?
9
Let s(c) be the second derivative of -c**4/12 - 3*c**3/2 + 13*c**2/2 + 11*c. What is the tens digit of s(-9)?
1
What is the hundreds digit of 3/7 - 205560/(-168)?
2
Let y(v) = -2*v**3 + 16*v**2 - 5*v + 1. Let f be y(7). Suppose 0 = -l + f + 21. What is the tens digit of l?
8
Suppose 5*o = 2*o + 522. Suppose -o - 291 = -5*p. What is the tens digit of p?
9
Suppose 35 = -5*b - 45. Suppose -l + 3*f - 63 = l, 3*l + 3*f = -132. Let a = b - l. What is the tens digit of a?
2
Let n(h) be the second derivative of 3/2*h**2 + h + 0 - 5/12*h**4 - 1/20*h**5 - h**3. What is the tens digit of n(-5)?
3
Let c be 543/4 - 3/(-12). Let z = c - 97. What is the units digit of (z/(-6) - 0)*-2?
3
Suppose -3*p - 2*p = 2*x + 17, -3*x - 4*p = 8. Suppose -8*v = -x*v - 344. What is the units digit of v?
6
Suppose -x = -520 - 416. What is the tens digit of x/7 + -1 - (-14)/49?
3
Let z be (-66)/4*4/(-6). Suppose -o = -z - 21. Let d = o + -18. What is the units digit of d?
4
Suppose -5*s = 5*p - 9340, s - 1650 = p + 220. What is the tens digit of s?
6
Let b(x) be the third derivative of -x**5/60 + 11*x**4/24 + 5*x**3/6 - 18*x**2. What is the units digit of b(8)?
9
Let b(l) = -2*l**3 + 43*l**2 - 13*l + 41. What is the hundreds digit of b(20)?
9
Let i(o) = 889*o - 782. What is the hundreds digit of i(5)?
6
Let l(n) = 15*n + 18. Suppose d + 2 = -d - 4*i, 3*d - 18 = i. What is the units digit of l(d)?
3
Let n(s) = -4*s - 9. Let m = -13 + 3. What is the tens digit of n(m)?
3
Suppose 5*l + 4*q - 608 = l, -3*l + 468 = -q. Suppose 14*f - l = 9*f. What is the tens digit of f?
3
Suppose 0 = k - 8*k + 2*k. Suppose 6*y + 0*y - 726 = k. What is the hundreds digit of y?
1
Suppose -2*d + 3*x - 11 = 0, 5*d + 2*x + 3*x = -15. Let g = -16 - -17. What is the tens digit of (d/6)/(g/(-78))?
5
Let q(w) = 3*w + 4. Let j be q(-3). Let o(s) = s**2 + 6*s + 5. Let f be o(j). What is the units digit of (-1 - 8)/(-1 + f)?
9
Let p = -40 - -96. Suppose 0 = -19*i + 21*i - p. Suppose 8*j = 10*j - i. What is the units digit of j?
4
Suppose -414 = -5*w + 61. Let t = w - 79. What is the tens digit of t?
1
Let a(p) = 2*p**2 + 9*p - 3. Let b be (-58)/8 + 1/4. Let t be a(b). Suppose -l + 0*v + t = v, 2*v = 4*l - 140. What is the units digit of l?
4
Suppose 106*n - 2556 = 103*n. What is the units digit of n?
2
Let v(n) = -2*n**2 - 9*n - 4. Let c(o) = -o**2 - 8*o - 3. Let t(j) = 4*c(j) - 3*v(j). What is the tens digit of t(-4)?
5
Suppose 0 = 5*x - 1290 - 1660. What is the hundreds digit of x?
5
Suppose 29 = 9*b - 1330. What is the tens digit of (-2)/(-16) + b/8?
1
Let z(s) = -s**2 - 33*s + 8. What is the tens digit of z(-6)?
7
Let u = -2 - 3. Let c = -8 - u. Let o = c + 18. What is the tens digit of o?
1
Suppose -h + 94 - 7 = 0. Suppose -5*j = -3*l + 44, -4*l + 0*j + h = -j. What is the tens digit of l?
2
Suppose 2*i - 72 = -3*v, -5*v - 229 + 24 = -5*i. Let d = -59 + 32. Let y = d + i. What is the tens digit of y?
1
Let f be (0 + -3)/((-21)/(-14)). Let a be (-4 + 3)/(f/26). Let u(r) = r**2 - 12*r + 18. What is the tens digit of u(a)?
3
Let w = -169 + 173. Suppose -s - 1040 = -4*b, w*b + 3*s = s + 1040. What is the units digit of b?
0
Sup